{"id":11769,"date":"2022-06-02T19:41:36","date_gmt":"2022-06-02T23:41:36","guid":{"rendered":"https:\/\/ediciones.uahurtado.cl\/?post_type=product&#038;p=11769"},"modified":"2025-01-31T08:25:20","modified_gmt":"2025-01-31T12:25:20","slug":"vocations-in-a-wounded-century","status":"publish","type":"product","link":"https:\/\/ediciones.uahurtado.cl\/en\/producto\/vocaciones-en-un-siglo-herido\/","title":{"rendered":"Vocations in a wounded century"},"content":{"rendered":"","protected":false},"excerpt":{"rendered":"<p>\u00bbHurtado spoke with passion about something that he himself experienced and felt filled his life with meaning and energy.\u00ab These lucid words of Francisco Jim\u00e9nez contain, implicitly, the appropriate method for studying Father Hurtado: his words and actions are always in close dialogue with his own inner experience. His life is a dialogue between the external and the internal; between history and spirit. The spiritual richness and solidity of Alberto Hurtado, far from making him \u00bbimpermeable\u00ab to the history that surrounds him, allow him to \u00bbplunge\" into it with great freedom: he was deeply impacted by what was happening around him, allowed himself to be questioned, and sought to elaborate a personal synthesis from certain basic convictions of faith that accompanied him always.<\/p>","protected":false},"featured_media":14086,"template":"","meta":{"_acf_changed":false},"product_brand":[],"product_cat":[127],"product_tag":[],"class_list":["post-11769","product","type-product","status-publish","has-post-thumbnail","product_cat-biblioteca-jesuita-de-chile","autor-francisco-javier-jimenez","first","instock","shipping-taxable","purchasable","product-type-simple"],"acf":[],"yoast_head":"<!-- This site is optimized with the Yoast SEO plugin v28.3 - https:\/\/yoast.com\/product\/yoast-seo-wordpress\/ -->\n<title>Vocaciones en un siglo herido - Ediciones UAH<\/title>\n<meta name=\"robots\" content=\"index, follow, max-snippet:-1, max-image-preview:large, max-video-preview:-1\" \/>\n<link rel=\"canonical\" href=\"https:\/\/ediciones.uahurtado.cl\/en\/product\/vocations-in-a-wounded-century\/\" \/>\n<meta property=\"og:locale\" content=\"en_US\" \/>\n<meta property=\"og:type\" content=\"article\" \/>\n<meta property=\"og:title\" content=\"Vocaciones en un siglo herido - Ediciones UAH\" \/>\n<meta property=\"og:description\" content=\"Hurtado hablaba con pasi\u00f3n de algo que \u00e9l mismo experimentaba y sent\u00eda que llenaba su vida de sentido y energ\u00eda\u00bb. Estas l\u00facidas palabras de Francisco Jim\u00e9nez contienen, de modo impl\u00edcito, el m\u00e9todo adecuado para estudiar al padre Hurtado: sus palabras y acciones est\u00e1n siempre en estrecho di\u00e1logo con su propia experiencia interior. Su vida es un di\u00e1logo entre lo exterior y lo interior; entre la historia y el esp\u00edritu. La riqueza y solidez espiritual de Alberto Hurtado, lejos de hacerlo \u00abimpermeable\u00bb a la historia que lo rodea, le permiten \u00abzambullirse\u00bb en ella con mucha libertad: le impactaba mucho lo que pasaba a su alrededor, se dejaba cuestionar y buscaba elaborar una s\u00edntesis personal desde ciertas convicciones b\u00e1sicas de fe, que lo acompa\u00f1aron siempre.\" \/>\n<meta property=\"og:url\" content=\"https:\/\/ediciones.uahurtado.cl\/en\/product\/vocations-in-a-wounded-century\/\" \/>\n<meta property=\"og:site_name\" content=\"Ediciones UAH\" \/>\n<meta property=\"article:publisher\" content=\"https:\/\/www.facebook.com\/edicionesuah?_rdc=2&amp;_rdr\" \/>\n<meta property=\"article:modified_time\" content=\"2025-01-31T12:25:20+00:00\" \/>\n<meta property=\"og:image\" content=\"https:\/\/ediciones.uahurtado.cl\/wp-content\/uploads\/2022\/06\/Vocaciones-en-un-siglo-herido.jpg\" \/>\n\t<meta property=\"og:image:width\" content=\"400\" \/>\n\t<meta property=\"og:image:height\" content=\"616\" \/>\n\t<meta property=\"og:image:type\" content=\"image\/jpeg\" \/>\n<meta name=\"twitter:card\" content=\"summary_large_image\" \/>\n<script type=\"application\/ld+json\" class=\"yoast-schema-graph\">{\"@context\":\"https:\\\/\\\/schema.org\",\"@graph\":[{\"@type\":\"WebPage\",\"@id\":\"https:\\\/\\\/ediciones.uahurtado.cl\\\/producto\\\/vocaciones-en-un-siglo-herido\\\/\",\"url\":\"https:\\\/\\\/ediciones.uahurtado.cl\\\/producto\\\/vocaciones-en-un-siglo-herido\\\/\",\"name\":\"Vocaciones en un siglo herido - Ediciones UAH\",\"isPartOf\":{\"@id\":\"https:\\\/\\\/ediciones.uahurtado.cl\\\/#website\"},\"primaryImageOfPage\":{\"@id\":\"https:\\\/\\\/ediciones.uahurtado.cl\\\/producto\\\/vocaciones-en-un-siglo-herido\\\/#primaryimage\"},\"image\":{\"@id\":\"https:\\\/\\\/ediciones.uahurtado.cl\\\/producto\\\/vocaciones-en-un-siglo-herido\\\/#primaryimage\"},\"thumbnailUrl\":\"https:\\\/\\\/ediciones.uahurtado.cl\\\/wp-content\\\/uploads\\\/2022\\\/06\\\/Vocaciones-en-un-siglo-herido.jpg\",\"datePublished\":\"2022-06-02T23:41:36+00:00\",\"dateModified\":\"2025-01-31T12:25:20+00:00\",\"breadcrumb\":{\"@id\":\"https:\\\/\\\/ediciones.uahurtado.cl\\\/producto\\\/vocaciones-en-un-siglo-herido\\\/#breadcrumb\"},\"inLanguage\":\"en-US\",\"potentialAction\":[{\"@type\":\"ReadAction\",\"target\":[\"https:\\\/\\\/ediciones.uahurtado.cl\\\/producto\\\/vocaciones-en-un-siglo-herido\\\/\"]}]},{\"@type\":\"ImageObject\",\"inLanguage\":\"en-US\",\"@id\":\"https:\\\/\\\/ediciones.uahurtado.cl\\\/producto\\\/vocaciones-en-un-siglo-herido\\\/#primaryimage\",\"url\":\"https:\\\/\\\/ediciones.uahurtado.cl\\\/wp-content\\\/uploads\\\/2022\\\/06\\\/Vocaciones-en-un-siglo-herido.jpg\",\"contentUrl\":\"https:\\\/\\\/ediciones.uahurtado.cl\\\/wp-content\\\/uploads\\\/2022\\\/06\\\/Vocaciones-en-un-siglo-herido.jpg\",\"width\":400,\"height\":616},{\"@type\":\"BreadcrumbList\",\"@id\":\"https:\\\/\\\/ediciones.uahurtado.cl\\\/producto\\\/vocaciones-en-un-siglo-herido\\\/#breadcrumb\",\"itemListElement\":[{\"@type\":\"ListItem\",\"position\":1,\"name\":\"Portada\",\"item\":\"https:\\\/\\\/ediciones.uahurtado.cl\\\/\"},{\"@type\":\"ListItem\",\"position\":2,\"name\":\"Tienda Online\",\"item\":\"https:\\\/\\\/ediciones.uahurtado.cl\\\/tiendaonline\\\/\"},{\"@type\":\"ListItem\",\"position\":3,\"name\":\"Vocaciones en un siglo herido\"}]},{\"@type\":\"WebSite\",\"@id\":\"https:\\\/\\\/ediciones.uahurtado.cl\\\/#website\",\"url\":\"https:\\\/\\\/ediciones.uahurtado.cl\\\/\",\"name\":\"Ediciones UAH\",\"description\":\"Universidad Alberto Hurtado\",\"publisher\":{\"@id\":\"https:\\\/\\\/ediciones.uahurtado.cl\\\/#organization\"},\"potentialAction\":[{\"@type\":\"SearchAction\",\"target\":{\"@type\":\"EntryPoint\",\"urlTemplate\":\"https:\\\/\\\/ediciones.uahurtado.cl\\\/?s={search_term_string}\"},\"query-input\":{\"@type\":\"PropertyValueSpecification\",\"valueRequired\":true,\"valueName\":\"search_term_string\"}}],\"inLanguage\":\"en-US\"},{\"@type\":\"Organization\",\"@id\":\"https:\\\/\\\/ediciones.uahurtado.cl\\\/#organization\",\"name\":\"Ediciones UAH\",\"url\":\"https:\\\/\\\/ediciones.uahurtado.cl\\\/\",\"logo\":{\"@type\":\"ImageObject\",\"inLanguage\":\"en-US\",\"@id\":\"https:\\\/\\\/ediciones.uahurtado.cl\\\/#\\\/schema\\\/logo\\\/image\\\/\",\"url\":\"https:\\\/\\\/ediciones.uahurtado.cl\\\/wp-content\\\/uploads\\\/2022\\\/06\\\/logo-ediciones-UAH.png\",\"contentUrl\":\"https:\\\/\\\/ediciones.uahurtado.cl\\\/wp-content\\\/uploads\\\/2022\\\/06\\\/logo-ediciones-UAH.png\",\"width\":584,\"height\":128,\"caption\":\"Ediciones UAH\"},\"image\":{\"@id\":\"https:\\\/\\\/ediciones.uahurtado.cl\\\/#\\\/schema\\\/logo\\\/image\\\/\"},\"sameAs\":[\"https:\\\/\\\/www.facebook.com\\\/edicionesuah?_rdc=2&_rdr\"]}]}<\/script>\n<!-- \/ Yoast SEO plugin. -->","yoast_head_json":{"title":"Vocations in a Wounded Century - UAH Publishing","robots":{"index":"index","follow":"follow","max-snippet":"max-snippet:-1","max-image-preview":"max-image-preview:large","max-video-preview":"max-video-preview:-1"},"canonical":"https:\/\/ediciones.uahurtado.cl\/en\/product\/vocations-in-a-wounded-century\/","og_locale":"en_US","og_type":"article","og_title":"Vocaciones en un siglo herido - Ediciones UAH","og_description":"Hurtado hablaba con pasi\u00f3n de algo que \u00e9l mismo experimentaba y sent\u00eda que llenaba su vida de sentido y energ\u00eda\u00bb. Estas l\u00facidas palabras de Francisco Jim\u00e9nez contienen, de modo impl\u00edcito, el m\u00e9todo adecuado para estudiar al padre Hurtado: sus palabras y acciones est\u00e1n siempre en estrecho di\u00e1logo con su propia experiencia interior. Su vida es un di\u00e1logo entre lo exterior y lo interior; entre la historia y el esp\u00edritu. La riqueza y solidez espiritual de Alberto Hurtado, lejos de hacerlo \u00abimpermeable\u00bb a la historia que lo rodea, le permiten \u00abzambullirse\u00bb en ella con mucha libertad: le impactaba mucho lo que pasaba a su alrededor, se dejaba cuestionar y buscaba elaborar una s\u00edntesis personal desde ciertas convicciones b\u00e1sicas de fe, que lo acompa\u00f1aron siempre.","og_url":"https:\/\/ediciones.uahurtado.cl\/en\/product\/vocations-in-a-wounded-century\/","og_site_name":"Ediciones UAH","article_publisher":"https:\/\/www.facebook.com\/edicionesuah?_rdc=2&_rdr","article_modified_time":"2025-01-31T12:25:20+00:00","og_image":[{"width":400,"height":616,"url":"https:\/\/ediciones.uahurtado.cl\/wp-content\/uploads\/2022\/06\/Vocaciones-en-un-siglo-herido.jpg","type":"image\/jpeg"}],"twitter_card":"summary_large_image","schema":{"@context":"https:\/\/schema.org","@graph":[{"@type":"WebPage","@id":"https:\/\/ediciones.uahurtado.cl\/producto\/vocaciones-en-un-siglo-herido\/","url":"https:\/\/ediciones.uahurtado.cl\/producto\/vocaciones-en-un-siglo-herido\/","name":"Vocations in a Wounded Century - UAH Publishing","isPartOf":{"@id":"https:\/\/ediciones.uahurtado.cl\/#website"},"primaryImageOfPage":{"@id":"https:\/\/ediciones.uahurtado.cl\/producto\/vocaciones-en-un-siglo-herido\/#primaryimage"},"image":{"@id":"https:\/\/ediciones.uahurtado.cl\/producto\/vocaciones-en-un-siglo-herido\/#primaryimage"},"thumbnailUrl":"https:\/\/ediciones.uahurtado.cl\/wp-content\/uploads\/2022\/06\/Vocaciones-en-un-siglo-herido.jpg","datePublished":"2022-06-02T23:41:36+00:00","dateModified":"2025-01-31T12:25:20+00:00","breadcrumb":{"@id":"https:\/\/ediciones.uahurtado.cl\/producto\/vocaciones-en-un-siglo-herido\/#breadcrumb"},"inLanguage":"en-US","potentialAction":[{"@type":"ReadAction","target":["https:\/\/ediciones.uahurtado.cl\/producto\/vocaciones-en-un-siglo-herido\/"]}]},{"@type":"ImageObject","inLanguage":"en-US","@id":"https:\/\/ediciones.uahurtado.cl\/producto\/vocaciones-en-un-siglo-herido\/#primaryimage","url":"https:\/\/ediciones.uahurtado.cl\/wp-content\/uploads\/2022\/06\/Vocaciones-en-un-siglo-herido.jpg","contentUrl":"https:\/\/ediciones.uahurtado.cl\/wp-content\/uploads\/2022\/06\/Vocaciones-en-un-siglo-herido.jpg","width":400,"height":616},{"@type":"BreadcrumbList","@id":"https:\/\/ediciones.uahurtado.cl\/producto\/vocaciones-en-un-siglo-herido\/#breadcrumb","itemListElement":[{"@type":"ListItem","position":1,"name":"Portada","item":"https:\/\/ediciones.uahurtado.cl\/"},{"@type":"ListItem","position":2,"name":"Tienda Online","item":"https:\/\/ediciones.uahurtado.cl\/tiendaonline\/"},{"@type":"ListItem","position":3,"name":"Vocaciones en un siglo herido"}]},{"@type":"WebSite","@id":"https:\/\/ediciones.uahurtado.cl\/#website","url":"https:\/\/ediciones.uahurtado.cl\/","name":"UAH Editions","description":"Alberto Hurtado University","publisher":{"@id":"https:\/\/ediciones.uahurtado.cl\/#organization"},"potentialAction":[{"@type":"SearchAction","target":{"@type":"EntryPoint","urlTemplate":"https:\/\/ediciones.uahurtado.cl\/?s={search_term_string}"},"query-input":{"@type":"PropertyValueSpecification","valueRequired":true,"valueName":"search_term_string"}}],"inLanguage":"en-US"},{"@type":"Organization","@id":"https:\/\/ediciones.uahurtado.cl\/#organization","name":"UAH Editions","url":"https:\/\/ediciones.uahurtado.cl\/","logo":{"@type":"ImageObject","inLanguage":"en-US","@id":"https:\/\/ediciones.uahurtado.cl\/#\/schema\/logo\/image\/","url":"https:\/\/ediciones.uahurtado.cl\/wp-content\/uploads\/2022\/06\/logo-ediciones-UAH.png","contentUrl":"https:\/\/ediciones.uahurtado.cl\/wp-content\/uploads\/2022\/06\/logo-ediciones-UAH.png","width":584,"height":128,"caption":"Ediciones UAH"},"image":{"@id":"https:\/\/ediciones.uahurtado.cl\/#\/schema\/logo\/image\/"},"sameAs":["https:\/\/www.facebook.com\/edicionesuah?_rdc=2&_rdr"]}]}},"_links":{"self":[{"href":"https:\/\/ediciones.uahurtado.cl\/en\/wp-json\/wp\/v2\/product\/11769","targetHints":{"allow":["GET"]}}],"collection":[{"href":"https:\/\/ediciones.uahurtado.cl\/en\/wp-json\/wp\/v2\/product"}],"about":[{"href":"https:\/\/ediciones.uahurtado.cl\/en\/wp-json\/wp\/v2\/types\/product"}],"wp:featuredmedia":[{"embeddable":true,"href":"https:\/\/ediciones.uahurtado.cl\/en\/wp-json\/wp\/v2\/media\/14086"}],"wp:attachment":[{"href":"https:\/\/ediciones.uahurtado.cl\/en\/wp-json\/wp\/v2\/media?parent=11769"}],"wp:term":[{"taxonomy":"product_brand","embeddable":true,"href":"https:\/\/ediciones.uahurtado.cl\/en\/wp-json\/wp\/v2\/product_brand?post=11769"},{"taxonomy":"product_cat","embeddable":true,"href":"https:\/\/ediciones.uahurtado.cl\/en\/wp-json\/wp\/v2\/product_cat?post=11769"},{"taxonomy":"product_tag","embeddable":true,"href":"https:\/\/ediciones.uahurtado.cl\/en\/wp-json\/wp\/v2\/product_tag?post=11769"}],"curies":[{"name":"wp","href":"https:\/\/api.w.org\/{rel}","templated":true}]}}

<p>»Hurtado spoke with passion about something that he himself experienced and felt filled his life with meaning and energy.« These lucid words of Francisco Jiménez contain, implicitly, the appropriate method for studying Father Hurtado: his words and actions are always in close dialogue with his own inner experience. His life is a dialogue between the external and the internal; between history and spirit. The spiritual richness and solidity of Alberto Hurtado, far from making him »impermeable« to the history that surrounds him, allow him to »plunge" into it with great freedom: he was deeply impacted by what was happening around him, allowed himself to be questioned, and sought to elaborate a personal synthesis from certain basic convictions of faith that accompanied him always.</p>

<!-- This site is optimized with the Yoast SEO plugin v28.3 - https://yoast.com/product/yoast-seo-wordpress/ -->
<title>Vocaciones en un siglo herido - Ediciones UAH</title>
<meta name="robots" content="index, follow, max-snippet:-1, max-image-preview:large, max-video-preview:-1" />
<link rel="canonical" href="https://ediciones.uahurtado.cl/en/product/vocations-in-a-wounded-century/" />
<meta property="og:locale" content="en_US" />
<meta property="og:type" content="article" />
<meta property="og:title" content="Vocaciones en un siglo herido - Ediciones UAH" />
<meta property="og:description" content="Hurtado hablaba con pasión de algo que él mismo experimentaba y sentía que llenaba su vida de sentido y energía». Estas lúcidas palabras de Francisco Jiménez contienen, de modo implícito, el método adecuado para estudiar al padre Hurtado: sus palabras y acciones están siempre en estrecho diálogo con su propia experiencia interior. Su vida es un diálogo entre lo exterior y lo interior; entre la historia y el espíritu. La riqueza y solidez espiritual de Alberto Hurtado, lejos de hacerlo «impermeable» a la historia que lo rodea, le permiten «zambullirse» en ella con mucha libertad: le impactaba mucho lo que pasaba a su alrededor, se dejaba cuestionar y buscaba elaborar una síntesis personal desde ciertas convicciones básicas de fe, que lo acompañaron siempre." />
<meta property="og:url" content="https://ediciones.uahurtado.cl/en/product/vocations-in-a-wounded-century/" />
<meta property="og:site_name" content="Ediciones UAH" />
<meta property="article:publisher" content="https://www.facebook.com/edicionesuah?_rdc=2&amp;_rdr" />
<meta property="article:modified_time" content="2025-01-31T12:25:20+00:00" />
<meta property="og:image" content="https://ediciones.uahurtado.cl/wp-content/uploads/2022/06/Vocaciones-en-un-siglo-herido.jpg" />
	<meta property="og:image:width" content="400" />
	<meta property="og:image:height" content="616" />
	<meta property="og:image:type" content="image/jpeg" />
<meta name="twitter:card" content="summary_large_image" />
<script type="application/ld+json" class="yoast-schema-graph">{"@context":"https:\/\/schema.org","@graph":[{"@type":"WebPage","@id":"https:\/\/ediciones.uahurtado.cl\/producto\/vocaciones-en-un-siglo-herido\/","url":"https:\/\/ediciones.uahurtado.cl\/producto\/vocaciones-en-un-siglo-herido\/","name":"Vocaciones en un siglo herido - Ediciones UAH","isPartOf":{"@id":"https:\/\/ediciones.uahurtado.cl\/#website"},"primaryImageOfPage":{"@id":"https:\/\/ediciones.uahurtado.cl\/producto\/vocaciones-en-un-siglo-herido\/#primaryimage"},"image":{"@id":"https:\/\/ediciones.uahurtado.cl\/producto\/vocaciones-en-un-siglo-herido\/#primaryimage"},"thumbnailUrl":"https:\/\/ediciones.uahurtado.cl\/wp-content\/uploads\/2022\/06\/Vocaciones-en-un-siglo-herido.jpg","datePublished":"2022-06-02T23:41:36+00:00","dateModified":"2025-01-31T12:25:20+00:00","breadcrumb":{"@id":"https:\/\/ediciones.uahurtado.cl\/producto\/vocaciones-en-un-siglo-herido\/#breadcrumb"},"inLanguage":"en-US","potentialAction":[{"@type":"ReadAction","target":["https:\/\/ediciones.uahurtado.cl\/producto\/vocaciones-en-un-siglo-herido\/"]}]},{"@type":"ImageObject","inLanguage":"en-US","@id":"https:\/\/ediciones.uahurtado.cl\/producto\/vocaciones-en-un-siglo-herido\/#primaryimage","url":"https:\/\/ediciones.uahurtado.cl\/wp-content\/uploads\/2022\/06\/Vocaciones-en-un-siglo-herido.jpg","contentUrl":"https:\/\/ediciones.uahurtado.cl\/wp-content\/uploads\/2022\/06\/Vocaciones-en-un-siglo-herido.jpg","width":400,"height":616},{"@type":"BreadcrumbList","@id":"https:\/\/ediciones.uahurtado.cl\/producto\/vocaciones-en-un-siglo-herido\/#breadcrumb","itemListElement":[{"@type":"ListItem","position":1,"name":"Portada","item":"https:\/\/ediciones.uahurtado.cl\/"},{"@type":"ListItem","position":2,"name":"Tienda Online","item":"https:\/\/ediciones.uahurtado.cl\/tiendaonline\/"},{"@type":"ListItem","position":3,"name":"Vocaciones en un siglo herido"}]},{"@type":"WebSite","@id":"https:\/\/ediciones.uahurtado.cl\/#website","url":"https:\/\/ediciones.uahurtado.cl\/","name":"Ediciones UAH","description":"Universidad Alberto Hurtado","publisher":{"@id":"https:\/\/ediciones.uahurtado.cl\/#organization"},"potentialAction":[{"@type":"SearchAction","target":{"@type":"EntryPoint","urlTemplate":"https:\/\/ediciones.uahurtado.cl\/?s={search_term_string}"},"query-input":{"@type":"PropertyValueSpecification","valueRequired":true,"valueName":"search_term_string"}}],"inLanguage":"en-US"},{"@type":"Organization","@id":"https:\/\/ediciones.uahurtado.cl\/#organization","name":"Ediciones UAH","url":"https:\/\/ediciones.uahurtado.cl\/","logo":{"@type":"ImageObject","inLanguage":"en-US","@id":"https:\/\/ediciones.uahurtado.cl\/#\/schema\/logo\/image\/","url":"https:\/\/ediciones.uahurtado.cl\/wp-content\/uploads\/2022\/06\/logo-ediciones-UAH.png","contentUrl":"https:\/\/ediciones.uahurtado.cl\/wp-content\/uploads\/2022\/06\/logo-ediciones-UAH.png","width":584,"height":128,"caption":"Ediciones UAH"},"image":{"@id":"https:\/\/ediciones.uahurtado.cl\/#\/schema\/logo\/image\/"},"sameAs":["https:\/\/www.facebook.com\/edicionesuah?_rdc=2&_rdr"]}]}</script>
<!-- / Yoast SEO plugin. -->

Hurtado hablaba con pasión de algo que él mismo experimentaba y sentía que llenaba su vida de sentido y energía». Estas lúcidas palabras de Francisco Jiménez contienen, de modo implícito, el método adecuado para estudiar al padre Hurtado: sus palabras y acciones están siempre en estrecho diálogo con su propia experiencia interior. Su vida es un diálogo entre lo exterior y lo interior; entre la historia y el espíritu. La riqueza y solidez espiritual de Alberto Hurtado, lejos de hacerlo «impermeable» a la historia que lo rodea, le permiten «zambullirse» en ella con mucha libertad: le impactaba mucho lo que pasaba a su alrededor, se dejaba cuestionar y buscaba elaborar una síntesis personal desde ciertas convicciones básicas de fe, que lo acompañaron siempre.
